he tens digit of k?
2
Let d be (-2)/4*(23 - 7). What is the units digit of 84 + 5/(10/d)?
0
Let c(d) be the third derivative of -d**5/60 + d**4/6 - 5*d**3/6 + 2*d**2. Let s be c(2). Let g(u) = -19*u**3 - u**2. What is the units digit of g(s)?
8
Let b be 16/(-4) - (-28)/2. Let i be (-4 - b/(-5)) + -16. Let g = 62 + i. What is the units digit of g?
4
What is the tens digit of (-1)/7 - (15 - 27168/56)?
7
What is the thousands digit of (-8 - (-152)/24)*-798?
1
Let w be ((-14)/(-4))/(6/(-24)). Let i be (-4)/w - (-38)/14. Let r(a) = -a**2 + 6*a. What is the units digit of r(i)?
9
What is the thousands digit of (332347/(-917))/((-2)/14)?
2
Suppose 41*v - 10*v - 1612 = 0. What is the units digit of v?
2
Let a be (-15)/5 - (-10 - -1). Suppose -4*y + a*y = 0. Suppose y*n + n = 6. What is the units digit of n?
6
Let g(z) = 3*z + 12. Let c be g(-4). Let b be ((-2)/5 - c)*155. Let h = -27 - b. What is the units digit of h?
5
Suppose 0 = 3*p - 6*p + 111. Let d = 46 - p. What is the units digit of d?
9
Let f(a) = a**2 - 8*a + 12. Let u be f(5). Let r be (-3)/(u/(-1)) - -3. Suppose 0 = p + r, 6*t - 5*p = t + 90. What is the tens digit of t?
1
Suppose 0 = -10*w + 1842 + 808. What is the hundreds digit of w?
2
Let g(n) = -n**3 - 8*n**2 + 27*n + 44. What is the tens digit of g(-14)?
4
Suppose -4*t - 16 = 0, 4*f - 4*t - 16 + 0 = 0. Suppose f*d + d = 35. What is the units digit of d?
5
Let b = -290 + 599. What is the hundreds digit of b?
3
Suppose -5*v = 5*m - 145, 2*m = -2*v + 7*m + 30. Suppose -4*n + v = n. What is the tens digit of 5*6/n*2?
1
Let s(p) = -1656*p + 328. What is the hundreds digit of s(-3)?
2
Let p(a) = 15*a + 53. What is the tens digit of p(31)?
1
What is the tens digit of (18/(-4))/(9/(-1596))?
9
Let u be (-88)/(-55) - 4/(-10). Let o be (-5)/(u + -3)*-1. What is the tens digit of ((-30)/o)/((-4)/(-14))?
2
Suppose -5*a + 865 = 3*y, -a + 42 + 139 = -y. Let z = 251 - a. What is the units digit of z?
5
Suppose -4*b + 5*u = -291, 2*b - 3*u = 5*b - 198. What is the units digit of b?
9
Let m = 12 - 8. Let c = m - 0. Suppose -z + c*z + 3*s - 129 = 0, 4*z - 192 = s. What is the units digit of z?
7
Suppose 4*b = -3*a + 20, -2*a = -5*b - 3*a + 25. Suppose b*i - m - 90 = 0, -4*i - 2*m + m + 81 = 0. What is the tens digit of i?
1
Suppose 4*x = 6*x - 8. Suppose x*q + 2*q - 186 = 0. What is the tens digit of q?
3
Suppose 0 = w - 27 - 14. What is the units digit of w?
1
Let a(q) = -97*q + 1. Let m be a(-14). What is the hundreds digit of (2 + 0)/(18/m)?
1
What is the thousands digit of 11980/(-8)*208/(-260)?
1
Let m(h) = 2*h**2 + 4*h - 4. Let j = 40 - 17. Suppose 4*x - 8 = -2*v, 3*v + j = 5*x - v. What is the units digit of m(x)?
6
Suppose -2*l = -17 - 111. Suppose -3*r = -r - l. Suppose -5*w + 212 - r = 0. What is the tens digit of w?
3
Let b = 87 + -168. Let t = 105 + b. What is the units digit of t?
4
Let y = 15 - 25. Suppose 0*o + o - 3 = v, v = 5*o - 11. What is the units digit of (8/y)/(o/(-10))?
4
Suppose -3*j = 12, 5*j = -2*f - 6 - 0. Let k be f/21 + 2/(-6). Suppose k = -4*x - 2*w + 76, -3*x + 5*w - 82 = -7*x. What is the units digit of x?
8
Suppose 15*d - 1855 = 10*d. What is the units digit of d?
1
Let k = 5 + -7. Let d be 3 + -44 + (k - -2). Let f = 64 + d. What is the units digit of f?
3
Let i be 2 + 7/(7/(-2)). Let t(s) = s**2 - 5*s + 6*s + 15 + i*s. What is the tens digit of t(0)?
1
Let l be 14 - (20/8 - (-2)/(-4)). What is the units digit of 63/2 + (-6)/l?
1
Suppose t + 30 = 5*s, -2*s - 5*t + t = 10. Suppose 0 = b, s*b = 5*q - q - 812. What is the units digit of q?
3
What is the units digit of (-292 + 1)/((-6)/8)?
8
Suppose 0 = -5*q - 4*t + 2400, -5*q - 889 + 3289 = 3*t. What is the hundreds digit of q?
4
Suppose -3*b = -3*w + 759, 3*w + 2*b + 3*b - 735 = 0. What is the tens digit of w?
5
What is the hundreds digit of (162/216)/((-1)/(-232))?
1
Suppose -1041 = -11*p + 2039. What is the hundreds digit of p?
2
Let o(v) = v**3 + 3*v**2 - 4*v + 3. Let s be 7 + (19 - -1)/(-5). What is the units digit of o(s)?
5
Suppose 4*i + 5*h - 65 = 0, -13 = -3*h + 2. Let r = i + 21. What is the tens digit of r?
3
Suppose 4*x + 12 = -b, 3*x - 34 = -5*b - 9. Let i be ((-567)/(-108))/(3/8). Let l = i - b. What is the units digit of l?
6
Suppose 26*d + 4*u = 27*d - 609, 2436 = 4*d + 4*u. What is the hundreds digit of d?
6
Let t be ((-4)/(-8))/((-2)/72). Let v = 42 + 4. Let s = v + t. What is the tens digit of s?
2
Let x = 46 - 43. Suppose x*o + 388 = 5*o. What is the units digit of o?
4
Let a(w) = 3*w**2 - w + 187. What is the units digit of a(-17)?
1
Let n(h) = -h**2 - 23*h - 13. Let s = -136 + 120. What is the tens digit of n(s)?
9
Let m be (-1)/(2/(12*-1)). Suppose 3*d + h = 155, m*d - 2*d - 208 = -h. What is the tens digit of d?
5
Suppose -4*v + 2*k = -3808, 4*v = -4*k - 840 + 4648. What is the tens digit of v?
5
Let l be (-17)/4*(1 + 3). Let n = l + 82. Let o = n - 43. What is the units digit of o?
2
Suppose 3*w + 0 - 6 = 0. Suppose 2*p + 3*c = 9, -3*c = p + w*p - 12. What is the units digit of 46*(7/2 - p)?
3
Let v(s) = -s**2 + 12*s + 17. Let n be v(13). Suppose 0 = -w - 2 + n. What is the tens digit of 0 - -17 - (-4)/w?
1
Let i be 4*((-12)/48 - (-11)/(-4)). Let d = i - -26. What is the tens digit of d?
1
Suppose -1 = -5*j + 14. Suppose -3*w = 2*q - 106, -138 = q - j*q + 5*w. What is the units digit of q?
9
Suppose -4*c + 6*c + 592 = 4*m, 600 = 4*m - 4*c. Suppose 0 = z - 2*x - m, -7*x = 5*z - 3*x - 716. What is the hundreds digit of z?
1
Let b = 15 + -16. Let k(n) = -11*n**3 + n**2 + 2*n + 1. What is the units digit of k(b)?
1
Suppose 496 = -p + 2*p. Suppose -3*l + p = l. What is the hundreds digit of l?
1
Let q = -21 + 21. Suppose q = -3*o - 21 + 60. What is the tens digit of o?
1
Let h(b) = 28*b + 3. Let x(q) = -42*q - 4. Let a = -4 + 9. Let n(g) = a*x(g) + 7*h(g). What is the units digit of n(-2)?
9
Let y(t) be the third derivative of -t**5/30 + 7*t**4/6 - 7*t**3/6 - 33*t**2. What is the tens digit of y(13)?
1
Let x(u) = 6 + 41171*u + 4*u**2 - 41169*u - 3*u**2. Suppose -26 + 6 = 4*y. What is the units digit of x(y)?
1
Suppose 5*w - 3*s - 2*s = 630, -508 = -4*w + 5*s. Let m = -59 + w. What is the tens digit of m?
6
Suppose -r + 7 = -5. Suppose -2*t + 4 = r. What is the units digit of t/(-8) + 9/6?
2
Let a(y) = y**3 - 26*y**2 + 13. Let c be a(26). Let o(p) = 11*p + 4. What is the tens digit of o(c)?
4
Let q(k) = 2*k + 2. Suppose 3*a - a - 26 = 0. Let b be q(a). Suppose -2*p + b + 58 = 0. What is the units digit of p?
3
Let v = -1 - -1. Suppose -1 = -5*w + 19. Suppose -64 = -v*r - w*r. What is the units digit of r?
6
Let x = 248 - 49. Suppose 6*a = 155 + x. What is the tens digit of a?
5
Suppose -3*n - 890 = -6*n - 2*s, 0 = 5*s - 5. Suppose 3*m = m + n. What is the tens digit of m?
4
Let g = -120 + 111. What is the hundreds digit of 118*g/4*198/(-297)?
1
Let c(d) = -d**3 - 4*d**2 + 2 - 5 + d - 1. Let k(a) = a**3 + 27*a**2 + 26*a - 5. Let o be k(-26). What is the tens digit of c(o)?
1
Let d = 211 + -35. Let t = -63 + d. What is the units digit of t?
3
Suppose -4*a - 239 = -7*a + b, -a + 2*b + 78 = 0. Suppose 40 = 2*v - a. What is the units digit of ((-105)/v)/(2/(-16))?
4
Let b = -1641 - -2534. What is the hundreds digit of b?
8
Suppose 5 + 4 = -k - 5*c, 3*k - 33 = 5*c. What is the units digit of k?
6
Suppose 0 = 4*l - 2*n - 2, 2*l - 4*n + 2 = -3*l. Suppose 0 = 2*y + l*z - 62, y + y - 2*z - 58 = 0. What is the tens digit of y?
3
Suppose 10 = 2*c, 0 = 97*z - 100*z + 3*c + 3666. What is the tens digit of z?
2
What is the hundreds digit of (-21)/(-126) + (-3767)/(-6)?
6
What is the hundreds digit of 16/(-6)*-10917*(-21)/(-252)?
4
Suppose -113 = 5*m + 3*z, -5*m = -0*m + 5*z + 115. Let b(i) = i**3 + 22*i**2 - 4*i - 17. What is the units digit of b(m)?
1
What is the thousands digit of (3723/15 + 1)*5?
1
Let p = 15 + -13. Let b be (p - 9/3)*17. What is the units digit of (-19 - b)/((-1)/5)?
0
Let j(x) = -x**2 + 25*x - 45. What is the tens digit of j(20)?
5
Let l(m) = 13*m - 122. What is the units digit of l(11)?
1
Let y(f) be the second derivative of f**4/12 - f**3/6 - f**2/2 - 3*f. Let d be y(0). What is the tens digit of (-11 - -68) + (-5 - d)?
5
Suppose 2*n + 5*h + 10 = 0, 6*h - 9 = -5*n + 2*h. Suppose -n*m + 13 = -7. Suppose -r - 2*t = 2*t, -80 = -4*r + m*t. Wh